e first derivative of -y**3/3 - 7*y**2/2 - 10*y + 75390. Let u = -16 + 9. Give j(u).
-10
Let t(w) = -2681309*w - w**2 + 10 + 2681316*w + 0*w**2. Let j = -41 + 11. Let f be 5*18*(-3)/j. Give t(f).
-8
Let q(i) be the third derivative of i**6/40 - 7*i**5/60 - 2*i**3/3 + 2*i**2 - 59*i. Let d(m) = m**3 - 4*m**2 - 2. Let p(u) = -5*d(u) + 2*q(u). Give p(-6).
2
Suppose -71*f = -171*f + 70*f - 150. Let q(w) = -14*w - 72. Calculate q(f).
-2
Let o(a) = -43*a**2 + 3 + a**3 + 0 + 7*a + 35*a**2. Suppose j = -i - 89, 5*j + 394 = -4*i - 52. Let z be 214/30 + ((-348)/j - 4). Give o(z).
3
Suppose -457*r + 79 = -443*r - 5. Let v(j) = -j**3 + 6*j**2 - 6*j + 34. What is v(r)?
-2
Let l(g) = 3*g + 11 - 29*g**2 - 13 - g**3 + 2*g + 31*g**2. Let y(u) = -u + 19. Let t be y(15). Give l(t).
-14
Let r(u) = u**3 - 3*u**2 + 2*u + 10. Let p(s) = -s**3 + 4*s**2 - 3*s - 10. Let g(j) = 5*p(j) + 4*r(j). Suppose 17*o - 110 - 9 = 0. Calculate g(o).
-10
Let n(l) be the third derivative of 0*l - 4*l**2 - 1/120*l**6 - 2 + 0*l**4 + 1/6*l**3 - 1/30*l**5. Give n(1).
-2
Let b(s) = -6*s**2 + 5*s + 1187. Let y(j) = 3*j**2 - 2*j - 475. Let z(r) = -2*b(r) - 5*y(r). Let f be ((-1)/(-3))/(3/(-9)). Calculate z(f).
-2
Suppose -1063*i - k - 24 = -1058*i, 2*i + 5*k = -28. Let l(c) = -4*c**2 - 2*c + 8. Calculate l(i).
-48
Let t(m) = 44*m - 472. Let p = -9932 - -9943. Determine t(p).
12
Let f(d) be the third derivative of -25*d**4/24 - d**3/6 - 9*d**2 + 8*d. Let y = -40 + 39. What is f(y)?
24
Let l(y) = 4*y**2 - 115*y - 2 + 650*y - 537*y. Let f = -1 + -1. Calculate l(f).
18
Let o(x) = x**2 + 7*x - 9. Suppose 4*n + 56 = 4*k, 2*n - 4*k = -52 + 10. Give o(n).
-9
Let l = 1777 + -1773. Let a(i) = 2*i**3 - 3*i**2 - 7*i - 7. Give a(l).
45
Suppose 87*i + 47 = -u + 92*i, -u + 2*i - 35 = 0. Let a(c) = c**2 + 26*c - 19. Give a(u).
8
Suppose 2*w + 2*w - 379 = -3*t, 0 = -4*t + 5*w + 464. Let q = t + -121. Let i(j) = j + 7. Calculate i(q).
7
Let y(r) = r**3 + 8*r**2 + 10*r - 18. Let w be y(-5). Let q(j) = 2*j**2 + w*j**2 - j - 2*j**3 - 14*j**2 + j**3 - 5 - 1. Determine q(-5).
-1
Let m(y) = -7*y**3 - 3*y**2 - 3*y - 1. Let a(t) = -2*t**2 - 52*t - 177. Let z be a(-22). Determine m(z).
6
Suppose 0 = -5*d + 4*d + 5*w - 59, d - w = -55. Let m be 4/6 + (-720)/d. Let t(f) = f - 17*f**3 + 2 + m*f**3 + 4 - 5. What is t(-1)?
3
Suppose -h = 5*p + 1, -3*h + 8 = 26. Let r(l) = 64*l**3 - 3*l + 3. Let q(y) = 43*y**3 - 2*y + 2. Let d(z) = -8*q(z) + 5*r(z). What is d(p)?
-24
Suppose 0 = -3*u + 6, -4*q + 0*q + 4*u = 24. Let r(h) = -h**3 - 3*h**2 - 4*h + 7. Give r(q).
39
Suppose -167 = 3*r + 22. Let o = -45 - r. Suppose 10*g - 13*g = o. Let p(s) = -s**3 - 8*s**2 - 8*s + 4. Determine p(g).
-20
Let h(g) = 15*g + 112. Suppose 0 = -4*c + 5*q - 13, 2*c = 5*q - 2*q - 5. Let b be h(c). Let x(k) = -3*k + 1. Give x(b).
-20
Let y = -6 - -4. Let q(z) = -84 + 12*z - 87 - 130 + 304. What is q(y)?
-21
Let m be -716*-2*1/4. Let r(q) = -q**2 - 81*q - 380. Let w be r(-5). Let s(n) = w*n**2 - 363 + m - n**2. Calculate s(-4).
-21
Let z(l) = l**3 + 5*l**2 - 6*l - 5. Suppose -3*i + 0 = -78. Let p = 3983 - 3953. Suppose -i*u + 21*u = p. Calculate z(u).
-5
Let l(p) = p - 14. Let j(z) = 8*z - 89. Let c(y) = -j(y) + 5*l(y). Determine c(16).
-29
Let c(t) = -2*t**2 - 5 + 1 + 1 + 3*t - t**3. Let z = -3158 + 3155. Calculate c(z).
-3
Suppose 33 = -5*t + 2*b, 9*t - 8*t + b = -8. Let p(j) = j + 7. Determine p(t).
0
Let v(u) be the second derivative of -2*u**3/3 + u**2 - 1755*u + 2. Calculate v(-5).
22
Suppose 5*l + 2*b - 7 = 0, -745*l + 6 = -740*l + b. Let h(s) = 32*s**2 + s - 2. Calculate h(l).
31
Suppose 4*x = 2*z - z - 82, -2*z + x = -150. Suppose 4*l - 164 = m + 3*m, -2*m - 2*l = z. Let v = m - -37. Let y(k) = 3*k**3 + 3*k**2 + 2*k + 3. What is y(v)?
-13
Let k(x) be the first derivative of x**2 + 11*x - 24. Let a = 1048 + -1056. Give k(a).
-5
Let d(g) = 0*g**2 - 2*g + g**3 + 3*g**2 - 22 + 20 + 0*g**3. Suppose -3*t + 5*j + 168 = 0, -2*j - 96 - 72 = -3*t. Let y = t - 54. Give d(y).
14
Let y = 4026 + -4021. Let n(u) = -2*u**2 + 4*u + 2. What is n(y)?
-28
Let m(f) = 29*f - 61. Let q be 1/3*(3*-12)/(-6). Let a be m(q). Let y(p) = 2 + 4*p - p**2 + 2*p**2 - p. Determine y(a).
2
Let d(a) = a**3 - 6*a**2 + 6*a. Suppose 1 = g + l, 2*g + g - 3*l = 3. Let v(k) = -4*k**2 - 1 - k**3 + 3*k**2 - 2*k - 5*k**3 - g. Let x be v(-1). Give d(x).
5
Let x(m) = -21*m - 4. Let p = -1397 - -1392. Calculate x(p).
101
Let g(k) = 3*k + 1. Let p be (4/(-7))/(1*(-2)/(-7)). Let z be (5 + (-4 - 11))/p. Give g(z).
16
Let f(v) = 6*v**2 + 43*v - 15. Let b(z) = 5*z**2 + 34*z - 20. Let m(a) = 7*b(a) - 6*f(a). Calculate m(-21).
-71
Let m(i) = -2*i - 3. Let v = 127 + -47. Let s be (-2)/5*3/(6/v). Let a = s - -13. What is m(a)?
3
Let k(r) = 8*r**2 - 27*r - 20. Let u(a) be the second derivative of -a**4/4 + 3*a**3/2 + 7*a**2/2 + 91*a. Let d(g) = -4*k(g) - 11*u(g). Give d(-7).
-11
Let h(n) = -n**3 + 53*n**2 + 107*n + 176. Let b be h(55). Let u(i) = -i**3 + 10*i**2 + 14*i - 14. Give u(b).
19
Let m(t) = t**3 - 6*t**2 - 6*t - 8. Suppose 2*y = -4*r - 2*y + 28, -13 = -3*r + y. Suppose -r*p + 9*p = 0. Let v be -7*(p - 1)*1. What is m(v)?
-1
Let b(p) = 7*p - 2. Let g be (15/(-5) - -4)*(0 + 8). Suppose g*z - 222 = -230. Calculate b(z).
-9
Let f(x) be the first derivative of 9*x**2/2 - 14*x - 4. Let z(j) = -7 + 8*j + 3*j - 10*j + 4*j. Let v(w) = -3*f(w) + 5*z(w). Calculate v(6).
-5
Suppose -76*v + 73 = -79. Suppose -2*i + 14 = 2*k, i + 14 = 2*k - i. Suppose -k*g - 18 = v*g. Let y(n) = 3*n + 3. Give y(g).
-3
Suppose -88 - 68 = -39*z. Suppose -z*m + 40 = -3*h, 2*h = 2*m + 3*m - 43. Let r(c) = -5*c + 5. Determine r(m).
-30
Let y(u) = 2*u**2 + 5*u - 2. Let h(f) = -584 - 592 - 4*f + 1196. Let v be h(6). Calculate y(v).
10
Let b be (6/(-9))/(2/9*-1). Suppose -4*n + b*n = -8. Let t(m) = m**2 + 6*m**2 - m**3 - 2*m**2 - 9*m + n*m - 3. What is t(4)?
9
Let p(b) = 18*b - 794. Let c be p(44). Let j(n) = n**3 - 5*n**2 + 5. Let d be j(5). Let s(m) = 8*m - 3 - d*m - 2*m - 2*m. Determine s(c).
-1
Let z(f) = f**2 + 15*f + 55. Let v be 4/14 + (-260)/112*4. Determine z(v).
1
Let n(g) = 7*g**2 - 28*g + 48. Let l(t) = 31*t**2 - 120*t + 194. Let o(x) = -2*l(x) + 9*n(x). Give o(6).
8
Suppose 3*o + 14 = 2. Let k(i) be the third derivative of i**5/30 + i**4/4 - 7*i**3/6 - 2*i**2 + 14600*i. Determine k(o).
1
Let k(v) = 6*v. Let d(b) = -2*b - 3. Let w(c) = -4*d(c) - k(c). Give w(-4).
4
Let a(b) = 10*b - 69. Let f = -3675 + 3682. Determine a(f).
1
Suppose 72 = 45*m - 57*m. Let q(i) = -i**3 - 7*i**2 - 2*i + 5. Calculate q(m).
-19
Let i(j) = -43*j - 12. Let a(v) = 56*v + 16. Let c(n) = 2*a(n) + 3*i(n). Calculate c(-5).
81
Let h(w) = -3*w**3 + 3*w**2 - w + 1. Let a(c) be the third derivative of -3*c**4/8 + 28*c**3/3 + c**2 - 6*c. Let v be a(6). Give h(v).
-13
Let r(j) = 0*j - 20 + 0*j + 3*j - 2*j + j. Give r(8).
-4
Suppose -12*o = -131 + 23. Let u(c) = -2*c - 3. Let x(w) = 7*w + 11. Let z(l) = 22*u(l) + 6*x(l). Let t(q) = -8*q + 1. Let f(d) = o*z(d) - 2*t(d). Give f(5).
-12
Let y(w) = 3*w**2 - 7*w + 13. Let u be y(1). Let t(l) = -l**2 + 15*l - 61. What is t(u)?
-7
Let s(t) = -t**2 + 2*t - 4. Let z(x) = x**2 - 3*x + 5. Let d(l) = 4*s(l) + 3*z(l). Suppose 2846 = 9*a + 2810. Calculate d(a).
-21
Let o(a) be the first derivative of 15*a**4/4 + a**3/3 - a - 775. Calculate o(-1).
-15
Let j = 12778 - 76667/6. Let l(q) be the second derivative of 0 - 1/20*q**5 - 1/4*q**4 + 17*q + 1/2*q**2 + j*q**3. What is l(-4)?
13
Let b = 90 + -52. Let q = 41 - b. Let z be q/2*-3*(-10)/(-45). Let a(i) = 9*i. Calculate a(z).
-9
Let v = 9 - 4. Let m(r) be the second derivative of -5/2*r**2 + 0 - 17*r - 1/3*r**3. Calculate m(v).
-15
Let i be (-4)/(-14) - 33/(-7). Let w(j) = 210*j**3 + 218*j**3 + 7*j + 220*j**3 + 6*j**2 - 7 - 647*j**3 - 12*j**2. Give w(i).
3
Let c(p) be the first derivative of 85 - 4*p**2 + 4*p + 8/3*p**3 + 1/4*p**4. Suppose 3 = h + 12. Determine c(h).
-5
Let a be 36/(-12)*1/(-3). Let j(h) = -43*h**3 + 2*h**2 - h. What is j(a)?
-42
Let f(d) be the second derivative of -1 + d**2 - 92*d + 5/6*d**3. What is f(-2)?
-8
Let g(q) be the first derivative of -5*q**2/2 + 125. Let l be (2 - (3 - 0)) + 0. Give g(l).
5
Let m be ((-2)/(-8))/(6/(-192)*(-14)/7). Let u(x) = x**2 + 6*x - 41. What is u(m)?
-1
Let w(l) = l - 14. Let z(a) = -2*a + 13. Let x(f) = -3*w(f) 